{"id":983,"date":"2024-07-02T07:23:15","date_gmt":"2024-07-02T07:23:15","guid":{"rendered":"https:\/\/gztodun.com\/?post_type=product&#038;p=983"},"modified":"2024-07-02T08:25:19","modified_gmt":"2024-07-02T08:25:19","slug":"td7800-2","status":"publish","type":"product","link":"https:\/\/gztodun.com\/index.php\/product\/td7800-2\/","title":{"rendered":"TD7800"},"content":{"rendered":"<h2 id=\"tw-target-text\" class=\"tw-data-text tw-text-large tw-ta\" dir=\"ltr\" data-placeholder=\"\u7ffb\u8bd1\" aria-label=\"\u8bd1\u6587\" data-ved=\"2ahUKEwiggNPe3YeHAxXEsFYBHZTNAzEQ3ewLegQIBxAU\"><span class=\"Y2IQFc\" lang=\"en\">Wireless conference system host\u00a0<img fetchpriority=\"high\" decoding=\"async\" class=\"alignnone size-medium wp-image-985\" src=\"https:\/\/gztodun.com\/wp-content\/uploads\/2024\/07\/\u4e3b\u56fe-300x194.jpg\" alt=\"\" width=\"300\" height=\"194\" srcset=\"https:\/\/gztodun.com\/wp-content\/uploads\/2024\/07\/\u4e3b\u56fe-300x194.jpg 300w, https:\/\/gztodun.com\/wp-content\/uploads\/2024\/07\/\u4e3b\u56fe-1024x664.jpg 1024w, https:\/\/gztodun.com\/wp-content\/uploads\/2024\/07\/\u4e3b\u56fe-768x498.jpg 768w, https:\/\/gztodun.com\/wp-content\/uploads\/2024\/07\/\u4e3b\u56fe-600x389.jpg 600w, https:\/\/gztodun.com\/wp-content\/uploads\/2024\/07\/\u4e3b\u56fe.jpg 1080w\" sizes=\"(max-width: 300px) 100vw, 300px\" \/><\/span><\/h2>\n<pre class=\"tw-data-text tw-text-large tw-ta\" dir=\"ltr\" data-placeholder=\"\u7ffb\u8bd1\" aria-label=\"\u8bd1\u6587\" data-ved=\"2ahUKEwiggNPe3YeHAxXEsFYBHZTNAzEQ3ewLegQIBxAU\"><span class=\"Y2IQFc\" lang=\"en\">\r\nSystem specification This system is a duplex wireless conference system operating in the UHF frequency band. It is fully digitally controlled and has multiple speech modes. It can be connected to the video host to achieve video tracking function. The attendance unit is powered by rechargeable lithium batteries, which is both convenient and environmentally friendly. This system is easy to operate, requires no engineering installation, is economical and practical, and is a good choice for conference projects. Features FM frequency modulation is used to realize sound signal transmission, with high fidelity, high signal-to-noise ratio and no sound delay. Use a new type of anti-howling unidirectional high-sensitivity capacitive microphone core to make the conference sound better. Both the audio channel and the control channel are transmitted wirelessly, without laying cables, and the signal coverage can be moved anywhere within the park, making the layout of the venue convenient and flexible. lIndependently developed data communication algorithm for conference applications, so that within the signal range, the system response speed is not affected by the number of attending units. Users can flexibly increase or decrease attendance units. The factory default system attendance unit capacity is \u2266255 (including 1 chairperson).\r\n<\/span><\/pre>\n<pre class=\"tw-data-text tw-text-large tw-ta\" dir=\"ltr\" data-placeholder=\"\u7ffb\u8bd1\" aria-label=\"\u8bd1\u6587\" data-ved=\"2ahUKEwiggNPe3YeHAxXEsFYBHZTNAzEQ3ewLegQIBxAU\"><span class=\"Y2IQFc\" lang=\"en\">It has various conference speech modes such as rotation 1-2-3-4, restriction 1-2-3-4, and chairman's exclusive. The main control computer can be connected to an external video host to realize the video tracking function of the attending units at the venue.\r\nLow power consumption, the attendance unit has more than 8 hours of continuous speaking time and more than 20 hours of standby time; the matching charging box has an intelligent charging management circuit to effectively protect the battery, extend battery life and ensure safety.\r\nLarge screen LCD display. Hierarchical menu design makes operation simple and convenient. And it has many functions such as power display and under-voltage warning, frequency channel and signal indication.\r\nThe main controller adopts an all-metal structure design, which is solemn and elegant; the attendance unit is made of engineering plastic material with a novel appearance design and built-in antenna, which is beautiful and decent.\r\nThe main control unit is equipped with a USB recording\/broadcasting module, which can realize USB recording\/broadcasting functions. It can also connect to third-party Bluetooth devices through Bluetooth and play music from third-party Bluetooth devices simultaneously.\r\nMain control machine technical indicators:\r\nPower input: DC12V-15V, \u22671A\r\nPower consumption: &lt; 7W\r\nWorking temperature -10\u2103 -- 40\u2103\r\nMain controller size (W\u00d7H\u00d7D): 485mm\u00d7100mm (2U, including chassis feet)\u00d7355mm\r\nMain control machine weight: 7.2 kg\r\n<\/span><\/pre>\n<pre class=\"tw-data-text tw-text-large tw-ta\" dir=\"ltr\" data-placeholder=\"\u7ffb\u8bd1\" aria-label=\"\u8bd1\u6587\" data-ved=\"2ahUKEwiggNPe3YeHAxXEsFYBHZTNAzEQ3ewLegQIBxAU\"><span class=\"Y2IQFc\" lang=\"en\">audio channel\r\nCommunication method: UHF wireless method (one-way)\r\nNumber of channels: 5 (1 chairman unit channel, 4 representative unit channels)\r\nFrequency range: (frequency range is available in the range of 500MHz --- 950MHz)\r\nDemodulation method: FM\r\nReceiving sensitivity: -100dBm\r\n<\/span><\/pre>\n<pre class=\"tw-data-text tw-text-large tw-ta\" dir=\"ltr\" data-placeholder=\"\u7ffb\u8bd1\" aria-label=\"\u8bd1\u6587\" data-ved=\"2ahUKEwiggNPe3YeHAxXEsFYBHZTNAzEQ3ewLegQIBxAU\"><span class=\"Y2IQFc\" lang=\"en\">control channel\r\nCommunication method: UHF wireless method (two-way)\r\nNumber of channels: 16\r\nFrequency range: 422.4MHz -- 438.4MHz\r\nModulation method: FSKu Receive sensitivity: -100dBm\r\nRadiated power: \u2266+6dBm\r\nFrequency deviation: &lt;0.002\r\nData rate: 100KBPS\r\n\r\nSystem total parameter indicators\r\nSignal coverage: indoor radius 60 meters (excluding the use of antenna extenders or antenna amplifiers)\r\nAudio frequency response: 50Hz --- 15KHz\r\nTotal audio gain: \u226620dBu Signal-to-noise ratio: &gt;85dB\r\nAudio total harmonic distortion: \u22660.8%\r\n\r\nSpecial lithium battery TD7800B (optional)\r\nFeatures high energy density, miniaturization, lightweight, and high safety\r\nThe lifespan is generally 300 to 500 charging cycles\r\n\r\nSpecial battery charging box TD7800G (optional)\r\nPowered by AC110V~240V switching power supply.\r\nCan charge 16 special lithium batteries at the same time.\r\n<\/span><\/pre>\n<pre id=\"tw-target-text\" class=\"tw-data-text tw-text-large tw-ta\" dir=\"ltr\" data-placeholder=\"\u7ffb\u8bd1\" aria-label=\"\u8bd1\u6587\" data-ved=\"2ahUKEwiggNPe3YeHAxXEsFYBHZTNAzEQ3ewLegQIBxAU\"><span class=\"Y2IQFc\" lang=\"en\">It has an intelligent charging management circuit to effectively protect the battery.\r\nEquipped with telescopic rods and pulleys for easy movement.<\/span><\/pre>\n<pre id=\"tw-target-text\" class=\"tw-data-text tw-text-large tw-ta\" dir=\"ltr\" data-placeholder=\"\u7ffb\u8bd1\" aria-label=\"\u8bd1\u6587\" data-ved=\"2ahUKEwiggNPe3YeHAxXEsFYBHZTNAzEQ3ewLegQIBxAU\"><\/pre>\n<pre id=\"tw-target-text\" class=\"tw-data-text tw-text-large tw-ta\" dir=\"ltr\" data-placeholder=\"\u7ffb\u8bd1\" aria-label=\"\u8bd1\u6587\" data-ved=\"2ahUKEwiggNPe3YeHAxXEsFYBHZTNAzEQ3ewLegQIBxAU\"><\/pre>\n<pre id=\"tw-target-text\" class=\"tw-data-text tw-text-large tw-ta\" dir=\"ltr\" data-placeholder=\"\u7ffb\u8bd1\" aria-label=\"\u8bd1\u6587\" data-ved=\"2ahUKEwiggNPe3YeHAxXEsFYBHZTNAzEQ3ewLegQIBxAU\"><\/pre>\n<pre id=\"tw-target-text\" class=\"tw-data-text tw-text-large tw-ta\" dir=\"ltr\" data-placeholder=\"\u7ffb\u8bd1\" aria-label=\"\u8bd1\u6587\" data-ved=\"2ahUKEwiggNPe3YeHAxXEsFYBHZTNAzEQ3ewLegQIBxAU\"><span class=\"Y2IQFc\" lang=\"en\">\u00a0<\/span><\/pre>\n","protected":false},"excerpt":{"rendered":"<h2 id=\"tw-target-text\" class=\"tw-data-text tw-text-large tw-ta\" dir=\"ltr\" data-placeholder=\"\u7ffb\u8bd1\" aria-label=\"\u8bd1\u6587\" data-ved=\"2ahUKEwiggNPe3YeHAxXEsFYBHZTNAzEQ3ewLegQIBxAU\"><span class=\"Y2IQFc\" lang=\"en\">Wireless conference system host<\/span><\/h2>\n","protected":false},"featured_media":985,"template":"","meta":{"site-sidebar-layout":"default","site-content-layout":"","ast-site-content-layout":"default","site-content-style":"default","site-sidebar-style":"default","ast-global-header-display":"","ast-banner-title-visibility":"","ast-main-header-display":"","ast-hfb-above-header-display":"","ast-hfb-below-header-display":"","ast-hfb-mobile-header-display":"","site-post-title":"","ast-breadcrumbs-content":"","ast-featured-img":"","footer-sml-layout":"","theme-transparent-header-meta":"default","adv-header-id-meta":"","stick-header-meta":"","header-above-stick-meta":"","header-main-stick-meta":"","header-below-stick-meta":"","astra-migrate-meta-layouts":"set","ast-page-background-enabled":"default","ast-page-background-meta":{"desktop":{"background-color":"var(--ast-global-color-4)","background-image":"","background-repeat":"repeat","background-position":"center center","background-size":"auto","background-attachment":"scroll","background-type":"","background-media":"","overlay-type":"","overlay-color":"","overlay-opacity":"","overlay-gradient":""},"tablet":{"background-color":"","background-image":"","background-repeat":"repeat","background-position":"center center","background-size":"auto","background-attachment":"scroll","background-type":"","background-media":"","overlay-type":"","overlay-color":"","overlay-opacity":"","overlay-gradient":""},"mobile":{"background-color":"","background-image":"","background-repeat":"repeat","background-position":"center center","background-size":"auto","background-attachment":"scroll","background-type":"","background-media":"","overlay-type":"","overlay-color":"","overlay-opacity":"","overlay-gradient":""}},"ast-content-background-meta":{"desktop":{"background-color":"var(--ast-global-color-5)","background-image":"","background-repeat":"repeat","background-position":"center center","background-size":"auto","background-attachment":"scroll","background-type":"","background-media":"","overlay-type":"","overlay-color":"","overlay-opacity":"","overlay-gradient":""},"tablet":{"background-color":"var(--ast-global-color-5)","background-image":"","background-repeat":"repeat","background-position":"center center","background-size":"auto","background-attachment":"scroll","background-type":"","background-media":"","overlay-type":"","overlay-color":"","overlay-opacity":"","overlay-gradient":""},"mobile":{"background-color":"var(--ast-global-color-5)","background-image":"","background-repeat":"repeat","background-position":"center center","background-size":"auto","background-attachment":"scroll","background-type":"","background-media":"","overlay-type":"","overlay-color":"","overlay-opacity":"","overlay-gradient":""}}},"product_cat":[51],"product_tag":[],"aioseo_notices":[],"_links":{"self":[{"href":"https:\/\/gztodun.com\/index.php\/wp-json\/wp\/v2\/product\/983"}],"collection":[{"href":"https:\/\/gztodun.com\/index.php\/wp-json\/wp\/v2\/product"}],"about":[{"href":"https:\/\/gztodun.com\/index.php\/wp-json\/wp\/v2\/types\/product"}],"wp:featuredmedia":[{"embeddable":true,"href":"https:\/\/gztodun.com\/index.php\/wp-json\/wp\/v2\/media\/985"}],"wp:attachment":[{"href":"https:\/\/gztodun.com\/index.php\/wp-json\/wp\/v2\/media?parent=983"}],"wp:term":[{"taxonomy":"product_cat","embeddable":true,"href":"https:\/\/gztodun.com\/index.php\/wp-json\/wp\/v2\/product_cat?post=983"},{"taxonomy":"product_tag","embeddable":true,"href":"https:\/\/gztodun.com\/index.php\/wp-json\/wp\/v2\/product_tag?post=983"}],"curies":[{"name":"wp","href":"https:\/\/api.w.org\/{rel}","templated":true}]}}