{"id":1199,"date":"2024-07-09T03:49:00","date_gmt":"2024-07-09T03:49:00","guid":{"rendered":"https:\/\/gztodun.com\/?post_type=product&#038;p=1199"},"modified":"2024-07-09T07:20:39","modified_gmt":"2024-07-09T07:20:39","slug":"at8","status":"publish","type":"product","link":"https:\/\/gztodun.com\/index.php\/product\/at8\/","title":{"rendered":"AT8"},"content":{"rendered":"<h2 id=\"tw-target-text\" class=\"tw-data-text tw-text-large tw-ta\" dir=\"ltr\" data-placeholder=\"\u7ffb\u8bd1\" aria-label=\"\u8bd1\u6587\" data-ved=\"2ahUKEwiez_Lz15iHAxUJR2wGHSc4BQwQ3ewLegQIBRAU\"><span class=\"Y2IQFc\" lang=\"en\">8-inch professional full-range speaker<img fetchpriority=\"high\" decoding=\"async\" class=\"alignnone size-medium wp-image-1200\" src=\"https:\/\/gztodun.com\/wp-content\/uploads\/2024\/07\/8-15\u5bf8\u4e13\u4e1a\u5168\u9891\u97f3\u7bb1-200x300.jpeg\" alt=\"\" width=\"200\" height=\"300\" srcset=\"https:\/\/gztodun.com\/wp-content\/uploads\/2024\/07\/8-15\u5bf8\u4e13\u4e1a\u5168\u9891\u97f3\u7bb1-200x300.jpeg 200w, https:\/\/gztodun.com\/wp-content\/uploads\/2024\/07\/8-15\u5bf8\u4e13\u4e1a\u5168\u9891\u97f3\u7bb1.jpeg 400w\" sizes=\"(max-width: 200px) 100vw, 200px\" \/><\/span><\/h2>\n<pre id=\"tw-target-text\" class=\"tw-data-text tw-text-large tw-ta\" dir=\"ltr\" data-placeholder=\"\u7ffb\u8bd1\" aria-label=\"\u8bd1\u6587\" data-ved=\"2ahUKEwiez_Lz15iHAxUJR2wGHSc4BQwQ3ewLegQIBRAU\"><span class=\"Y2IQFc\" lang=\"en\">\r\nUnit component: LF 8\"\u00d71\/ HF: \u03c634mm\u00d71 Frequency response (\u00b13dB): 100Hz--17kHzz Sensitivity (1m\/1W): 92dB Power (continuous\/peak): 200W\/400W Directivity (horizontal): 80\u00b0\u00d750\u00b0 Nominal impedance: 8\u03a9 Input method: NL4\u00d72, +1 -1 Size: 260\u00d7260\u00d7440mm Weight: 18KG 115(35mm) voice coil iron frame H:120\"(34mm) titanium diaphragm voice coil 15mm MDF sprayed with wear-resistant black paint. Equipped with a single-hole 35mm\/ABS base and M8 suspension system to support various usage environments. Applicable to: small performances, conference rooms, lectures and other places.<\/span><\/pre>\n","protected":false},"excerpt":{"rendered":"<h2 id=\"tw-target-text\" class=\"tw-data-text tw-text-large tw-ta\" dir=\"ltr\" data-placeholder=\"\u7ffb\u8bd1\" aria-label=\"\u8bd1\u6587\" data-ved=\"2ahUKEwiez_Lz15iHAxUJR2wGHSc4BQwQ3ewLegQIBRAU\"><span class=\"Y2IQFc\" lang=\"en\">8-inch professional full-range speaker<\/span><\/h2>\n","protected":false},"featured_media":1200,"template":"","meta":{"site-sidebar-layout":"default","site-content-layout":"","ast-site-content-layout":"default","site-content-style":"default","site-sidebar-style":"default","ast-global-header-display":"","ast-banner-title-visibility":"","ast-main-header-display":"","ast-hfb-above-header-display":"","ast-hfb-below-header-display":"","ast-hfb-mobile-header-display":"","site-post-title":"","ast-breadcrumbs-content":"","ast-featured-img":"","footer-sml-layout":"","theme-transparent-header-meta":"default","adv-header-id-meta":"","stick-header-meta":"","header-above-stick-meta":"","header-main-stick-meta":"","header-below-stick-meta":"","astra-migrate-meta-layouts":"set","ast-page-background-enabled":"default","ast-page-background-meta":{"desktop":{"background-color":"var(--ast-global-color-4)","background-image":"","background-repeat":"repeat","background-position":"center center","background-size":"auto","background-attachment":"scroll","background-type":"","background-media":"","overlay-type":"","overlay-color":"","overlay-opacity":"","overlay-gradient":""},"tablet":{"background-color":"","background-image":"","background-repeat":"repeat","background-position":"center center","background-size":"auto","background-attachment":"scroll","background-type":"","background-media":"","overlay-type":"","overlay-color":"","overlay-opacity":"","overlay-gradient":""},"mobile":{"background-color":"","background-image":"","background-repeat":"repeat","background-position":"center center","background-size":"auto","background-attachment":"scroll","background-type":"","background-media":"","overlay-type":"","overlay-color":"","overlay-opacity":"","overlay-gradient":""}},"ast-content-background-meta":{"desktop":{"background-color":"var(--ast-global-color-5)","background-image":"","background-repeat":"repeat","background-position":"center center","background-size":"auto","background-attachment":"scroll","background-type":"","background-media":"","overlay-type":"","overlay-color":"","overlay-opacity":"","overlay-gradient":""},"tablet":{"background-color":"var(--ast-global-color-5)","background-image":"","background-repeat":"repeat","background-position":"center center","background-size":"auto","background-attachment":"scroll","background-type":"","background-media":"","overlay-type":"","overlay-color":"","overlay-opacity":"","overlay-gradient":""},"mobile":{"background-color":"var(--ast-global-color-5)","background-image":"","background-repeat":"repeat","background-position":"center center","background-size":"auto","background-attachment":"scroll","background-type":"","background-media":"","overlay-type":"","overlay-color":"","overlay-opacity":"","overlay-gradient":""}}},"product_cat":[53],"product_tag":[],"aioseo_notices":[],"_links":{"self":[{"href":"https:\/\/gztodun.com\/index.php\/wp-json\/wp\/v2\/product\/1199"}],"collection":[{"href":"https:\/\/gztodun.com\/index.php\/wp-json\/wp\/v2\/product"}],"about":[{"href":"https:\/\/gztodun.com\/index.php\/wp-json\/wp\/v2\/types\/product"}],"wp:featuredmedia":[{"embeddable":true,"href":"https:\/\/gztodun.com\/index.php\/wp-json\/wp\/v2\/media\/1200"}],"wp:attachment":[{"href":"https:\/\/gztodun.com\/index.php\/wp-json\/wp\/v2\/media?parent=1199"}],"wp:term":[{"taxonomy":"product_cat","embeddable":true,"href":"https:\/\/gztodun.com\/index.php\/wp-json\/wp\/v2\/product_cat?post=1199"},{"taxonomy":"product_tag","embeddable":true,"href":"https:\/\/gztodun.com\/index.php\/wp-json\/wp\/v2\/product_tag?post=1199"}],"curies":[{"name":"wp","href":"https:\/\/api.w.org\/{rel}","templated":true}]}}